re the prime factors of 594?
2, 3, 11
List the prime factors of 28979.
28979
What are the prime factors of 114722?
2, 19, 3019
What are the prime factors of 68930?
2, 5, 61, 113
List the prime factors of 1699.
1699
List the prime factors of 1646.
2, 823
What are the prime factors of 591?
3, 197
List the prime factors of 31335.
3, 5, 2089
What are the prime factors of 35999?
35999
List the prime factors of 321.
3, 107
What are the prime factors of 1480?
2, 5, 37
List the prime factors of 2380.
2, 5, 7, 17
What are the prime factors of 1920?
2, 3, 5
List the prime factors of 536.
2, 67
List the prime factors of 15044.
2, 3761
List the prime factors of 1390.
2, 5, 139
List the prime factors of 2809.
53
List the prime factors of 2131.
2131
List the prime factors of 2137.
2137
What are the prime factors of 8946?
2, 3, 7, 71
What are the prime factors of 20000?
2, 5
List the prime factors of 156717.
3, 11, 1583
What are the prime factors of 114922?
2, 37, 1553
What are the prime factors of 8384?
2, 131
List the prime factors of 2053.
2053
List the prime factors of 3345.
3, 5, 223
What are the prime factors of 28537?
28537
List the prime factors of 130208.
2, 13, 313
List the prime factors of 1768.
2, 13, 17
List the prime factors of 14880.
2, 3, 5, 31
What are the prime factors of 13744?
2, 859
List the prime factors of 10039.
10039
What are the prime factors of 97588?
2, 31, 787
List the prime factors of 320.
2, 5
List the prime factors of 6854.
2, 23, 149
What are the prime factors of 1946?
2, 7, 139
List the prime factors of 5881.
5881
What are the prime factors of 5967?
3, 13, 17
List the prime factors of 402.
2, 3, 67
What are the prime factors of 831?
3, 277
What are the prime factors of 966?
2, 3, 7, 23
What are the prime factors of 6487?
13, 499
List the prime factors of 75529.
47, 1607
What are the prime factors of 1021?
1021
What are the prime factors of 21592?
2, 2699
List the prime factors of 102013.
102013
What are the prime factors of 518?
2, 7, 37
What are the prime factors of 103924?
2, 25981
What are the prime factors of 14980?
2, 5, 7, 107
What are the prime factors of 50620?
2, 5, 2531
List the prime factors of 20769.
3, 7, 23, 43
What are the prime factors of 21327?
3, 7109
List the prime factors of 99586.
2, 17, 29, 101
What are the prime factors of 2473?
2473
List the prime factors of 1937.
13, 149
List the prime factors of 8745.
3, 5, 11, 53
What are the prime factors of 853?
853
What are the prime factors of 25714?
2, 13, 23, 43
List the prime factors of 4632.
2, 3, 193
What are the prime factors of 1106?
2, 7, 79
List the prime factors of 3962.
2, 7, 283
What are the prime factors of 99?
3, 11
What are the prime factors of 23?
23
List the prime factors of 6130.
2, 5, 613
List the prime factors of 80134.
2, 103, 389
What are the prime factors of 319?
11, 29
What are the prime factors of 10199?
7, 31, 47
What are the prime factors of 49792?
2, 389
List the prime factors of 1704.
2, 3, 71
What are the prime factors of 3471?
3, 13, 89
List the prime factors of 45114.
2, 3, 73, 103
What are the prime factors of 1470?
2, 3, 5, 7
List the prime factors of 21205.
5, 4241
List the prime factors of 81641.
7, 107, 109
List the prime factors of 102257.
293, 349
List the prime factors of 4969.
4969
What are the prime factors of 31419?
3, 3491
What are the prime factors of 16863?
3, 7, 11, 73
What are the prime factors of 768?
2, 3
What are the prime factors of 640?
2, 5
List the prime factors of 135711.
3, 17, 887
What are the prime factors of 485?
5, 97
What are the prime factors of 1033?
1033
List the prime factors of 1335.
3, 5, 89
What are the prime factors of 520?
2, 5, 13
List the prime factors of 251.
251
What are the prime factors of 59554?
2, 11, 2707
What are the prime factors of 40983?
3, 19, 719
List the prime factors of 24702.
2, 3, 23, 179
What are the prime factors of 526?
2, 263
List the prime factors of 3196.
2, 17, 47
What are the prime factors of 847?
7, 11
What are the prime factors of 2228?
2, 557
What are the prime factors of 80?
2, 5
List the prime factors of 867.
3, 17
What are the prime factors of 2981?
11, 271
What are the prime factors of 167?
167
What are the prime factors of 13789?
13789
List the prime factors of 3385.
5, 677
List the prime factors of 171.
3, 19
What are the prime factors of 151?
151
List the prime factors of 43940.
2, 5, 13
List the prime factors of 38428.
2, 13, 739
What are the prime factors of 19822?
2, 11, 17, 53
List the prime factors of 48845.
5, 9769
What are the prime factors of 6971?
6971
What are the prime factors of 3438?
2, 3, 191
List the prime factors of 5765.
5, 1153
List the prime factors of 2039.
2039
What are the prime factors of 13981?
11, 31, 41
List the prime factors of 64996.
2, 16249
List the prime factors of 59452.
2, 89, 167
What are the prime factors of 31?
31
List the prime factors of 34861.
71, 491
List the prime factors of 231.
3, 7, 11
What are the prime factors of 36893?
79, 467
What are the prime factors of 51308?
2, 101, 127
What are the prime factors of 26800?
2, 5, 67
List the prime factors of 1293.
3, 431
List the prime factors of 156025.
5, 79
What are the prime factors of 7838?
2, 3919
What are the prime factors of 19187?
7, 2741
List the prime factors of 5662.
2, 19, 149
What are the prime factors of 110103?
3, 7, 107
List the prime factors of 72039.
3, 11, 37, 59
List the prime factors of 33880.
2, 5, 7, 11
What are the prime factors of 20424?
2, 3, 23, 37
What are the prime factors of 26002?
2, 13001
List the prime factors of 16372.
2, 4093
List the prime factors of 358.
2, 179
What are the prime factors of 27847?
27847
List the prime factors of 14.
2, 7
What are the prime factors of 3077?
17, 181
List the prime factors of 572.
2, 11, 13
What are the prime factors of 4978?
2, 19, 131
What are the prime factors of 7494?
2, 3, 1249
List the prime factors of 11905.
5, 2381
What are the prime factors of 17207?
17207
List the prime factors of 20976.
2, 3, 19, 23
List the prime factors of 303.
3, 101
List the prime factors of 102167.
13, 29, 271
List the prime factors of 18763.
29, 647
What are the prime factors of 3585?
3, 5, 239
List the prime factors of 1661.
11, 151
What are the prime factors of 127852?
2, 31963
What are the prime factors of 839?
839
What are the prime factors of 3303?
3, 367
What are the prime factors of 1111?
11, 101
What are the prime factors of 8652?
2, 3, 7, 103
What are the prime factors of 6134?
2, 3067
What are the prime factors of 29335?
5, 5867
List the prime factors of 144956.
2, 7, 31, 167
List the prime factors of 1982.
2, 991
List the prime factors of 25877.
113, 229
List the prime factors of 8803.
8803
List the prime factors of 2898.
2, 3, 7, 23
What are the prime factors of 1011?
3, 337
List the prime factors of 5937.
3, 1979
What are the prime factors of 3502?
2, 17, 103
What are the prime factors of 70533?
3, 17, 461
What are the prime factors of 52874?
2, 26437
List the prime factors of 32595.
3, 5, 41, 53
List the prime factors of 34685.
5, 7, 991
List the prime factors of 1457.
31, 47
List the prime factors of 19555.
5, 3911
What are the prime factors of 3984?
2, 3, 83
List the prime factors of 17942.
2, 8971
What are the prime factors of 268?
2, 67
What are the prime factors of 52742?
2, 26371
List the prime factors of 3426.
2, 3, 571
What are the prime factors of 78217?
17, 43, 107
What are the prime factors of 9933?
3, 7, 11, 43
List the prime factors of 24325.
5, 7, 139
List the prime factors of 28304.
2, 29, 61
What are the prime factors of 3970?
2, 5, 397
List the prime factors of 18218.
2, 9109
What are the prime factors of 67594?
2, 33797
List the prime factors of 28853.
11, 43, 61
List the prime factors of 87204.
2, 3, 13, 43
What are the prime factors of 27712?
2, 433
What are the prime factors of 3233?
53, 61
What are the prime factors of 9710?
2, 5, 971
What are the prime factors of 42138?
2, 3, 2341
List the prime factors of 697.
17, 41
List the prime factors of 8029.
7, 31, 37
List the prime factors of 3962.
2, 7, 283
What are the prime factors of 122014?
2, 61007
What are the prime factors of 4318?
2, 17, 127
What are the prime factors of 55?
5, 11
What are the prime factors of 24708?
2, 3, 29, 7